+ 11050. Let n be j(-5). Let z(v) = -3*v**3 - 7*v**2 - 6*v - 7. Let a be z(-6). Calculate the highest common factor of a and n.
85
Suppose 0 = y + 4*y - 20. Suppose -340 - 491 = -5*n - 3*l, -5*l = -y*n + 687. What is the greatest common factor of n and 112?
56
Let l = 5683 - 5565. What is the highest common divisor of l and 15104?
118
Suppose -10*p - h = -13*p + 1165 + 527, 3*h = 0. What is the greatest common factor of p and 612?
12
Let z(h) = -3*h**2 + 78*h - 69. Let o be z(25). Calculate the greatest common divisor of o and 1098.
6
Suppose -2*i + 446 + 302 = 0. Let t be ((-66)/(-9))/(-13*(-4)/156). Calculate the greatest common divisor of i and t.
22
Let b(s) = -11*s - 660. Let p be b(-69). Calculate the greatest common divisor of p and 27.
9
Let y(j) = 4*j - 6*j - 19*j**2 - 2*j**2. Let k be y(-2). Let i = 104 - k. Calculate the greatest common factor of 23 and i.
23
Suppose 0*b - 5*f = -b + 5, -5*f = b - 25. Suppose b*i - 18*i + 156 = 0. Suppose -12 - 40 = -4*l. Calculate the highest common factor of l and i.
13
Let u(h) = h**2 + 7*h + 11. Let m be u(-5). Let f be 2/3 - m/(-3). Let d be (14/(-2))/(f/(-4)). What is the highest common factor of d and 8?
4
Suppose 15*z + 3421 = 26*z. Suppose -z*v + 309*v = -28. Calculate the highest common factor of v and 938.
14
Let k(t) = t**3 - 11*t**2 + 37*t - 20. Let s = -517 - -523. Let m be k(s). Calculate the highest common factor of m and 473.
11
Let j be 30/((9/(-25))/(90/(-150))). Calculate the highest common divisor of 220 and j.
10
Let m(a) = -2*a + 209. Let i be m(33). What is the greatest common divisor of 88 and i?
11
Let h(a) = a**2 - 36*a - 446. Let f be h(-25). What is the greatest common divisor of f and 13?
13
Suppose 22*a - 498 = 38*a - 2258. Calculate the greatest common factor of 430 and a.
10
Let g = 42 - 9. Suppose 0 = 610*o - 190200 + 29160. What is the greatest common divisor of g and o?
33
Let p(s) = 7*s - 5. Let i be p(5). Let n be (18/(-4))/(15/(-20)). Let r = 9 - n. Calculate the highest common factor of r and i.
3
Let x(w) = 13*w**2 - 365*w + 395. Let b be x(27). Calculate the highest common factor of b and 35394.
17
Suppose 47*y - 6480 = 49*y. Let h be -3 + (-39)/(-12) - y/96. What is the highest common factor of 374 and h?
34
Let v(s) = -118*s**3 - 14*s**2 - 35*s - 22. Let j be v(-1). What is the greatest common factor of j and 1976?
13
Let s be -6 + -3 + 5 + 5. Let y be 3 - (32/(-6) + s/3). Calculate the greatest common factor of 376 and y.
8
Let w be (-1)/(1/2*-1). Let y = 60 - 58. Let v be (-108)/(-14) - y/(-7). Calculate the highest common divisor of v and w.
2
Suppose 3*c - 211 = -5*l, 19 = c - 3*l - 56. Calculate the greatest common divisor of 792 and c.
72
Suppose 20 = 4*d - 3*f + 6, -f + 7 = d. Suppose -d*i + 25 = -15. Let k be (4 - 91/21)/((-3)/936). Calculate the highest common factor of i and k.
8
Let a(l) = 11*l**3 - 3*l**2 + l - 2. Let q be a(2). Suppose -4*v + 4879 = -5*r, -v + 27*r = 31*r - 1204. What is the greatest common divisor of v and q?
76
Suppose 4*u - 1398 = -3*m, 3*u - 1303 = -2*m - 370. What is the greatest common factor of m and 132?
66
Let p(a) = 50*a**2 - 55*a - 156. Let r be p(-3). What is the greatest common factor of r and 34?
17
Let g(o) = -7*o + 3*o**2 - 2*o**2 - o**3 - 5*o**2 + 14 + 25*o + 5*o**2. Let l be g(-7). Calculate the highest common divisor of l and 40.
40
Suppose -4*x = i - 4606, 5*x + 40*i - 5752 = 36*i. Calculate the highest common factor of x and 84.
12
Let p = 9160 + -6308. What is the highest common factor of p and 184?
92
Let d(j) = 2*j + 33. Let k = 93 - 107. Let x be d(k). Suppose -44 = -x*z - 4*u, 3*z + 5*u - 3*u - 28 = 0. What is the highest common divisor of 12 and z?
12
Let o be 0/(-4) - 1/(-1). Let f be (1 - (o + 0)) + 153. Suppose -103*h + 136 = -95*h. Calculate the greatest common divisor of h and f.
17
Suppose 10*g - 180 = g. Suppose 3*p = 2*p + g. Suppose -p = -4*f + 4*a, 0 = 3*a - 5 - 10. Calculate the highest common divisor of 20 and f.
10
Suppose -2*b + 5*b - 147 = 0. Suppose 0 = 2*v - 4*v - 2*c + 22, 4*v - b = c. Suppose -v*l = -9*l - 15. Calculate the highest common divisor of l and 5.
5
Let t = -3712 + 3712. Let n(h) = -h**3 + 2*h**2 - 10. Let f(a) = a**2. Let l(c) = 2*f(c) - n(c). Let b be l(t). What is the greatest common factor of b and 80?
10
Suppose 6*q = 2*q + 20. Suppose -230 = s - q*s - 2*t, -5*s + 265 = -5*t. What is the greatest common factor of s and 224?
56
Suppose 4*t = n + 75486, t - 18*n - 18903 = -23*n. What is the greatest common factor of t and 81?
81
Let d be (12 - -1) + (-78592)/(-256). Suppose 4*n - 137 = 3*i + 6, -2*i + 22 = n. What is the greatest common factor of n and d?
32
Let v(o) = -o**3 + 39*o**2 - 25*o - 190. Let q be v(38). Calculate the greatest common divisor of q and 665.
19
Let z(n) = 3*n**2 + 18*n + 30. Let l be z(-2). Let t be l/10 - 39974/(-110). What is the highest common factor of 52 and t?
52
Let i(m) = -m**3 + 62*m**2 - 119*m + 388. Let j be i(60). Calculate the greatest common divisor of j and 84.
28
Suppose -4*r = -12*r + 64. Let z be 82/1 + r/(-16)*4. Calculate the greatest common divisor of 5 and z.
5
Let c be 69/(-115) + (-76)/(-10). Let p(y) = y**3 + 6*y**2 + 6*y + 7. Suppose -5*d + 15 = -8*d. Let h be p(d). Calculate the greatest common divisor of h and c.
1
Suppose 0 = 1009*i - 998*i - 55. Calculate the highest common divisor of 5120 and i.
5
Suppose 5*r + 115 = -5*b, -2*b - 3*b = -5*r - 95. Let p be r/105 - 1302/(-10). Suppose -p = -2*c - 98. What is the greatest common divisor of 1 and c?
1
Let k(c) = c**3 + c**2 - 2*c - 24. Suppose -4*n + v = -19, -6 = -3*v + 9. Let j be k(n). Calculate the greatest common divisor of 24 and j.
24
Suppose 0 = -3*x - 6, -4*v + 3*v - x = -67. Suppose 2*y = 3 + v. Calculate the highest common factor of 54 and y.
18
Suppose -7*j = -11*j + 72. Suppose -3*w + j = 3. Suppose -4*h = m - 10, 16 = m + 3*h + w. Calculate the greatest common divisor of m and 70.
14
Let b(x) = -27*x + 36 + 32*x + 1. Let p be b(-3). Let r be p/(-3)*(102/(-4))/1. Calculate the greatest common factor of r and 17.
17
Let h(l) = -223*l - 2449. Let r be h(-11). What is the greatest common divisor of 156 and r?
4
Let f = 16132 - 11702. Calculate the greatest common factor of 20 and f.
10
Let w(g) = 42*g - 36. Let f be w(5). Let d = -84 + f. Calculate the highest common factor of d and 10.
10
Suppose 1979 + 296 = 25*i. Suppose -6*n + 120 = -24. Suppose 3*m - 13 = -r + n, 2*m - 2*r - 30 = 0. What is the greatest common factor of i and m?
13
Suppose 2*k = -2*k + 8, -4*u + k + 14 = 0. Let f be (-1)/u + (-567)/(-108). Suppose -f*t - m + 14 = -2, m = 1. Calculate the greatest common divisor of t and 2.
1
Suppose 2*w = -5*q + 6*w + 60, -58 = -3*q - 2*w. Calculate the greatest common divisor of 648 and q.
8
Suppose 305 = 5*t - 150. Let l(x) = -35*x - 57. Suppose 10 = a + z + 7, -10 = -2*z. Let k be l(a). What is the highest common divisor of t and k?
13
Let o(j) = j - 7. Let h be o(9). Let y be (132/(-12) + 413)*(14/6)/7. Calculate the highest common factor of h and y.
2
Suppose 135*f - 123*f = 10596. Suppose 29*h = 103 + f. Calculate the highest common divisor of 85 and h.
17
Let b = -1 + 14. Let s be (1 - 1)/(26 + -30). Suppose s = -b*i + 183 + 51. Calculate the greatest common factor of 24 and i.
6
Let s(u) = -49*u + 44. Let m be s(1). Let q be 410 - 0/(20/m). What is the greatest common factor of 123 and q?
41
Let h = -48 + 42. Let k(i) = 3*i**2 - 3*i + 6. Let d be k(h). Let p be (-20)/(-6)*d/10. What is the greatest common divisor of 4 and p?
4
Let q(l) = -l**2 + 11*l + 5. Let i be q(11). Suppose r + f + f - 50 = 0, i*r - f - 239 = 0. Let m = r - 9. Calculate the highest common divisor of m and 13.
13
Let x(j) = 7*j + 10. Let i be x(-6). Let r be (-80)/i*(28/10 - 0). Let d be (-1976)/(-133) - (-1)/r. Calculate the greatest common factor of d and 30.
15
Let f(r) = -58*r - 18. Let b be f(-3). Let k = b - 114. Calculate the greatest common factor of 28 and k.
14
Let x(i) = i + 67. Let s be x(-10). Let y = s - 73. Let k = y - -46. What is the highest common factor of 90 and k?
30
Let l be (-3)/(-10) + (-208134)/(-620). What is the highest common divisor of l and 126?
42
Suppose -104*g + 102*g = -4*a - 24, 5*a = -2*g + 33. Suppose 18 = u + 2*u. Calculate the high